Let g = l - -18. Calculate the greatest common divisor of 11 and g.
11
Suppose -7*u = 15*u - 1408. What is the greatest common factor of 4 and u?
4
Suppose -10*o + 4*o - 42 = 0. Let c(g) = -g**3 - 7*g**2 - 3*g - 13. Let d be c(o). What is the greatest common divisor of d and 64?
8
Let t = -615 - -770. What is the greatest common divisor of 10 and t?
5
Suppose -5*n + 5*j + 910 = 0, -5*n + 1059 = -4*j + 144. Suppose 4*u - 68 = 3*g, 17 = u + 2*g - 7*g. Calculate the greatest common divisor of n and u.
17
Let s = 1059 - 971. Suppose -65 = -5*p - 2*b, 4*p + 2*b - 69 = -3*b. What is the greatest common factor of s and p?
11
Let q = 1153 - 1057. What is the highest common divisor of q and 36?
12
Let r = 182 + -21. Calculate the greatest common factor of 69 and r.
23
Suppose -1660 = 116*h - 120*h. What is the highest common factor of h and 83?
83
Suppose 4*w - 3 = -71. Let t = 21 + w. Let b be t/(-12) - 1514/(-6). What is the highest common factor of 28 and b?
28
Let o = 2 - 7. Let d(l) = -l**3 - 4*l**2 + 4*l + 4. Let w be d(o). Suppose 2*s = 4*i + 77 - 211, 5*s + 47 = 2*i. What is the highest common factor of w and i?
9
Suppose -y = -7*y. Let b be (y - (-6)/(-3)) + (-5 - -24). Suppose 4*l = -0*l - h + 338, 0 = 4*l + 5*h - 330. What is the highest common divisor of b and l?
17
Suppose -31*v - 210 = -33*v. Let a(y) = -3*y**3 - 3*y**2 - 3*y - 3. Let h be a(-2). What is the highest common divisor of h and v?
15
Let f(p) = 16 + 6*p - p**3 - 32 + 0 - 7*p**2. Let d be f(-8). Suppose -545 = -5*r - 4*c, r - 2*c - 59 - 36 = d. What is the highest common factor of r and 42?
21
Suppose 0 = 2*z - 3*c - 44, 4*c - 22 = 2*z - 3*z. What is the highest common factor of 264 and z?
22
Suppose -5*k - 1 + 16 = 0. Suppose 4*f - 1 = t + 3*f, -2*f + 3 = -k*t. Let b be 8/(-12)*(-4 - t). Calculate the highest common factor of 16 and b.
2
Let g = 1567 + -1337. What is the greatest common factor of 46 and g?
46
Let y(p) = -2*p + 19. Let i(s) = -2*s**2 - 1. Let f be i(-2). Let w be y(f). Suppose 11 - w = -v. Calculate the greatest common divisor of v and 286.
26
Let x(y) = -y**3 + 15*y**2 + 36*y + 11. Let k be x(17). Calculate the highest common divisor of k and 5.
5
Suppose 0 = -25*b + 491 + 8034. Calculate the greatest common factor of b and 62.
31
Let f be (-1 - -2)/(1 + 75/(-78)). What is the greatest common divisor of f and 104?
26
Let w be 2/(-13) - 13692/(-273). Suppose w = 3*t - 160. What is the greatest common factor of t and 10?
10
Let l = -24 - -33. Suppose -96 = 5*j - l*j. Calculate the highest common divisor of j and 48.
24
Let h = -64 + 66. Let j be (h/4)/((-18)/(-1116)). What is the greatest common factor of 248 and j?
31
Let n = 1443 + -1435. Calculate the greatest common factor of 40 and n.
8
Let j be (-2)/((10/67)/(-5)). Let o = 95 - j. What is the highest common factor of o and 14?
14
Let s be (-4)/(-34) + 7400/1258. What is the highest common factor of s and 75?
3
Let j be 1/(-2*(-2)/4). Suppose -j + 121 = 3*x. Let n be (-6)/(-1*(-9)/(-6)). What is the highest common factor of n and x?
4
Let i be 1764 - (-10)/(60/(-54)). What is the highest common factor of i and 135?
135
Let r = 56 + -26. Let k be (-3)/(-1) - (-15 - -13). Calculate the highest common divisor of k and r.
5
Let q = 21 + -14. Suppose -154 = -0*p - q*p. What is the greatest common factor of 154 and p?
22
Let p be (-6776)/(-24) - (-2)/3. Suppose -5*d = -p - 42. Let l = d - 38. Calculate the greatest common divisor of 9 and l.
9
Let v be (2/((-4)/4))/2. Let r(m) = -15*m**3 + 2*m**2 + 2*m + 1. Let k be r(v). Let b be (200/k)/((-1)/(-2)). What is the greatest common divisor of b and 100?
25
Suppose 862 = 21*u - 83. Calculate the greatest common factor of u and 36.
9
Let j be (-6)/12 + 68/8. Let m(l) = -l**3 - l**2 + 6*l + 1. Let p be m(-4). Let n = p + -5. What is the greatest common divisor of j and n?
4
Let l be (-87)/116 - (-63)/4. What is the highest common factor of l and 435?
15
Let g = 35 + -84. Let j be 2/(-14) + 1610/g. Let m be j*(40/(-15) - -2). Calculate the highest common factor of m and 33.
11
Let i(c) = -c + 9. Let f = 35 - 30. Let a be i(f). What is the highest common factor of a and 4?
4
Suppose 2*d = -5*j + 159, -3*j + 133 = -4*d + 22. Calculate the greatest common factor of j and 11.
11
Let d = 2539 - 2504. Calculate the greatest common factor of 3920 and d.
35
Let k = 34 + -152. Let b = k + 226. Let l(c) = 3*c - 3. Let s be l(5). Calculate the highest common divisor of s and b.
12
Let s(z) = 15*z - 225. Let t be s(41). Calculate the greatest common factor of t and 30.
30
Suppose -i - 8*r + 6*r = -46, -r - 2 = 0. What is the highest common factor of i and 450?
50
Let y = -32 + 46. Calculate the greatest common divisor of 196 and y.
14
Let n be (-8)/36 + 16142/63. Calculate the highest common factor of n and 8.
8
Let i be (-234)/5*(15 + (-245)/14). Calculate the highest common divisor of i and 195.
39
Let w(s) = 3*s**2 + 3*s - 14. Let u be w(6). Let y = 837 + -789. Calculate the greatest common divisor of u and y.
16
Let s = -241 - -360. What is the highest common factor of s and 7?
7
Suppose 8*i = 70 + 18. Calculate the greatest common factor of 5 and i.
1
Suppose 0*b - 2*b + 832 = 0. Calculate the greatest common factor of 26 and b.
26
Let z be (-8)/(17/(-102) - 33/18). Suppose -6*u = -3*u - 69. Suppose -w - 5*g + u = -0*g, 3*w - 83 = -g. What is the greatest common factor of z and w?
4
Suppose 11 - 123 = -j. Let d be ((-8)/16)/((-2)/j). Calculate the greatest common factor of 7 and d.
7
Let n(x) = 57*x + 40. Let k be n(16). What is the greatest common divisor of k and 56?
56
Suppose 0 = 3*a + 13*a - 96. Let s(b) = -b**2 + b + 4. Let l be s(0). Suppose 192 = -0*d + l*d. Calculate the highest common factor of d and a.
6
Let h be 51/2*12/6. Let y be 8*(1358/112 + -10). Calculate the highest common divisor of h and y.
17
Suppose -4 = -5*a + 3*a. Suppose l = -h + 25, -6*h + a*h = -4*l + 124. What is the greatest common divisor of l and 308?
28
Suppose x = -4*g + 6*x + 249, -3*g + x = -173. Let t = 4 + 10. Suppose 0 = -5*s + 26 + t. Calculate the highest common divisor of s and g.
8
Let k be ((-3)/(-2))/((-6)/(-756)). Suppose 3*z + 0*z - k = 0. What is the greatest common factor of 7 and z?
7
Let t(b) = -b**3 + 27*b**2 - 107*b + 44. Let d be t(22). Suppose -481 = -5*v + 344. Calculate the greatest common factor of d and v.
55
Let u = -14 + 26. Let h be ((-174)/4)/(27/(-72)). Let m = 212 - h. Calculate the greatest common factor of u and m.
12
Let z = -4185 - -4190. Let f = -16 + 36. What is the greatest common divisor of z and f?
5
Let k(w) = 5*w - 1. Let y be k(-1). Let i be -1*(-3)/y*-34. Calculate the greatest common factor of 68 and i.
17
Suppose 345 = -9*g + 14*g. Calculate the highest common divisor of 299 and g.
23
Suppose 10 = 5*y - 0. Suppose 2 = -y*s + 46. What is the greatest common factor of s and 44?
22
Let x = 27 + -24. Suppose 0 = v - x*c - 2, 5*c = -5*v - 10. Let u be v - (3 + -2) - -44. Calculate the greatest common divisor of u and 105.
21
Let k be (-23)/(-5) - (-2)/5. Let j be (-3 + 28/7 - -1)/(4/40). Calculate the greatest common divisor of k and j.
5
Suppose -78 = -4*t - 10. Let k be (-196)/(-12) - (-4)/6. Calculate the greatest common divisor of k and t.
17
Let z(x) = 16*x**2 + 296*x - 297. Let f be z(1). Let a be 2/4 - 418/(-4). Calculate the highest common factor of a and f.
15
Suppose -3*f + 142 - 22 = -4*n, -5*f + 3*n = -189. What is the greatest common divisor of f and 27?
9
Let k be (1 + 1)*1/2. Let x = k + 11. Let q be ((-20)/12)/(2/(-36)). Calculate the greatest common factor of q and x.
6
Let c = 79 - 50. Let m be (6/(-10))/((-206)/29870). What is the highest common divisor of c and m?
29
Let x = -37 + 52. Let c = x + -4. Calculate the greatest common factor of 99 and c.
11
Suppose 18 = -2*d + 38. Suppose w - 23 = g + 3, 2*w + 2*g = 48. Calculate the highest common divisor of w and d.
5
Suppose 4*z = -j + 140, -2*j + 0*j - 175 = -5*z. What is the highest common factor of z and 140?
35
Let p = -108 + 118. Let x = 68 - p. What is the highest common divisor of 29 and x?
29
Suppose -4*r + 144 = 3*j - 5*r, 4*j - 191 = r. Calculate the greatest common divisor of 235 and j.
47
Let o(r) = 66*r**2 - r - 2. Let c be o(-2). Let f = 139 + -237. Let d = -74 - f. 